s divided by 998.
3
Calculate the remainder when 14808017 is divided by 20.
17
What is the remainder when 10871304 is divided by 13796?
56
Calculate the remainder when 1077677 is divided by 97.
7
Calculate the remainder when 207423 is divided by 529.
55
What is the remainder when 39949728 is divided by 83928?
0
What is the remainder when 41645872 is divided by 102?
88
What is the remainder when 141971 is divided by 70979?
13
Calculate the remainder when 4388710 is divided by 1096802.
1502
Calculate the remainder when 6009900 is divided by 1657.
1618
Calculate the remainder when 19937542 is divided by 79.
75
What is the remainder when 1629925 is divided by 2921?
7
What is the remainder when 34332480 is divided by 2701?
69
Calculate the remainder when 3281747 is divided by 41.
25
Calculate the remainder when 17464767 is divided by 84.
75
Calculate the remainder when 14895161 is divided by 1145780.
21
Calculate the remainder when 852815 is divided by 21836.
1211
Calculate the remainder when 69080 is divided by 630.
410
Calculate the remainder when 654168 is divided by 218055.
3
What is the remainder when 167892985 is divided by 24?
1
What is the remainder when 2395105 is divided by 598757?
77
What is the remainder when 2802563 is divided by 825?
38
What is the remainder when 1536879 is divided by 322?
295
What is the remainder when 38668490 is divided by 6079?
6050
What is the remainder when 359813 is divided by 2769?
2612
What is the remainder when 1651890 is divided by 357?
51
Calculate the remainder when 1271470 is divided by 423821.
7
Calculate the remainder when 8528610 is divided by 1705719.
15
What is the remainder when 30571077 is divided by 8952?
8949
Calculate the remainder when 75269 is divided by 219.
152
What is the remainder when 1430305 is divided by 1284?
1213
What is the remainder when 868112 is divided by 277?
271
What is the remainder when 172916 is divided by 4326?
4202
Calculate the remainder when 551967 is divided by 228.
207
Calculate the remainder when 14530043 is divided by 7265017.
9
What is the remainder when 11901268 is divided by 3415?
3408
What is the remainder when 1050102 is divided by 21404?
1306
Calculate the remainder when 87254 is divided by 2281.
576
What is the remainder when 67154 is divided by 415?
339
Calculate the remainder when 1014910 is divided by 1108.
1090
Calculate the remainder when 447152 is divided by 49675.
77
Calculate the remainder when 8305877 is divided by 1038225.
77
What is the remainder when 1506926 is divided by 900?
326
What is the remainder when 30389 is divided by 7370?
909
Calculate the remainder when 5133768 is divided by 16.
8
Calculate the remainder when 20249853 is divided by 2256.
2253
Calculate the remainder when 2608300 is divided by 1635.
475
Calculate the remainder when 5417779 is divided by 171.
157
What is the remainder when 15549966 is divided by 97?
90
Calculate the remainder when 5839381 is divided by 164.
161
What is the remainder when 214583 is divided by 664?
111
What is the remainder when 70310 is divided by 11714?
26
What is the remainder when 503530 is divided by 1421?
496
What is the remainder when 1008340 is divided by 1008325?
15
What is the remainder when 137226039 is divided by 2159?
2158
Calculate the remainder when 18079144 is divided by 364.
356
Calculate the remainder when 1127 is divided by 370.
17
Calculate the remainder when 521932 is divided by 2927.
926
Calculate the remainder when 24495293 is divided by 15.
8
What is the remainder when 50838 is divided by 50161?
677
What is the remainder when 93260832 is divided by 95?
92
Calculate the remainder when 2599359 is divided by 2443.
7
What is the remainder when 42651833 is divided by 48?
41
Calculate the remainder when 553424 is divided by 110683.
9
What is the remainder when 14574984 is divided by 5059?
5
What is the remainder when 3764451 is divided by 3861?
3837
What is the remainder when 2424410 is divided by 5625?
35
What is the remainder when 179243 is divided by 25569?
260
What is the remainder when 5625560 is divided by 13?
5
What is the remainder when 1234722 is divided by 36?
30
What is the remainder when 31261519 is divided by 854?
849
Calculate the remainder when 6942535 is divided by 3454.
3449
What is the remainder when 46346807 is divided by 46346767?
40
Calculate the remainder when 2233179 is divided by 534.
525
Calculate the remainder when 72431 is divided by 145.
76
What is the remainder when 9197365 is divided by 54746?
37
What is the remainder when 213671 is divided by 106809?
53
Calculate the remainder when 858992 is divided by 2798.
6
What is the remainder when 8766585 is divided by 490?
485
What is the remainder when 10301088 is divided by 1423?
1414
What is the remainder when 30473 is divided by 4340?
93
What is the remainder when 13200474 is divided by 38?
34
Calculate the remainder when 19753498 is divided by 92.
86
Calculate the remainder when 72644132 is divided by 52112.
4
Calculate the remainder when 1054905 is divided by 526734.
1437
Calculate the remainder when 7882903 is divided by 1970717.
35
Calculate the remainder when 17182079 is divided by 1321698.
5
What is the remainder when 22741862 is divided by 2870?
2852
Calculate the remainder when 12420 is divided by 1862.
1248
Calculate the remainder when 1226788 is divided by 374.
68
What is the remainder when 407021 is divided by 73?
46
Calculate the remainder when 50303238 is divided by 1163.
1162
What is the remainder when 4814950 is divided by 1864?
238
What is the remainder when 1231635 is divided by 170?
155
Calculate the remainder when 229646214 is divided by 327.
0
Calculate the remainder when 1490121 is divided by 7449.
321
Calculate the remainder when 137699 is divided by 5983.
90
Calculate the remainder when 399045 is divided by 15936.
645
Calculate the remainder when 4253844 is divided by 2764.
48
Calculate the remainder when 5269305 is divided by 2029.
2021
What is the remainder when 6964688 is divided by 1679?
196
Calculate the remainder when 1186723 is divided by 1608.
19
What is the remainder when 1516209 is divided by 651?
30
What is the remainder when 11406 is divided by 5418?
570
Calculate the remainder when 152126456 is divided by 21.
20
What is the remainder when 1184309 is divided by 46?
39
What is the remainder when 734301 is divided by 29?
21
What is the remainder when 31235098 is divided by 1300?
1298
What is the remainder when 3069002 is divided by 336?
314
Calculate the remainder when 1092924 is divided by 910.
14
Calculate the remainder when 13674289 is divided by 13674261.
28
What is the remainder when 642945 is divided by 85?
5
What is the remainder when 24951 is divided by 296?
87
Calculate the remainder when 200532411 is divided by 174376.
11
Calculate the remainder when 1791852 is divided by 11710.
222
Calculate the remainder when 177492 is divided by 58118.
3138
What is the remainder when 1643144 is divided by 9958?
74
What is the remainder when 3046310 is divided by 95197?
6
What is the remainder when 38168246 is divided by 39?
38
What is the remainder when 315218 is divided by 6797?
2556
What is the remainder when 25796710 is divided by 15?
10
What is the remainder when 654333 is divided by 263?
252
What is the remainder when 18936790 is divided by 289?
65
What is the remainder when 3461315 is divided by 10?
5
Calculate the remainder when 405013 is divided by 23823.
22
What is the remainder when 1244093 is divided by 150?
143
Calculate the remainder when 70160 is divided by 9.
5
What is the remainder when 79893 is divided by 79828?
65
What is the remainder when 1507183 is divided by 1?
0
Calculate the remainder when 11309451 is divided by 238.
167
Calculate the remainder when 2241098 is divided by 77.
13
What is the remainder when 530575 is divided by 6?
1
What is the remainder when 33121225 is divided by 40?
25
Calculate the remainder when 1626672 is divided by 375.
297
What is the remainder when 1302548 is divided by 471?
233
Calculate the remainder when 23838078 is divided by 1147.
1124
What is the remainder when 335597 is divided by 1583?
1
Calculate the remainder when 12853121 is divided by 45.
41
Calculate the remainder when 743652 is divided by 4131.
72
What is the remainder w